{"id":8603,"date":"2019-02-18T16:57:27","date_gmt":"2019-02-18T16:57:27","guid":{"rendered":"https:\/\/labottegamargutta.com\/home\/?page_id=8603"},"modified":"2019-02-20T13:10:47","modified_gmt":"2019-02-20T13:10:47","slug":"spedizione-e-consegna","status":"publish","type":"page","link":"https:\/\/labottegamargutta.com\/home\/spedizione-e-consegna\/","title":{"rendered":"Spedizione e consegna"},"content":{"rendered":"<div class=\"wpb-content-wrapper\"><p>[vc_row][vc_column][vc_column_text]<\/p>\r\n<p><strong>SPEDIZIONE E CONSEGNA<\/strong><\/p>\r\n<p><strong>Entro quando verr\u00e0 spedito il mio ordine?<\/strong><\/p>\r\n\r\n<p>Le spedizioni vengono effettuate entro 3\/5 giorni lavorativi a far data dalla ricezione del saldo.<\/p>\r\n\r\n<p><strong>Come faccio a sapere quando \u00e8 stato spedito il mio ordine?<\/strong><\/p>\r\n\r\n<p>Riceverai una mail di notifica non appena la spedizione verr\u00e0 affidata al corriere assieme &#8211; ove previste &#8211;\u00a0 alle informazioni per il tracking della spedizione.<\/p>\r\n\r\n<p><strong>Qual\u2019\u00e8 il tempo di transito medio previsto per la spedizione della merce?<\/strong><\/p>\r\n\r\n<p>Gli acquisti verranno consegnati a seconda della dimensione e del paese di destinazione,\u00a0 mediante corriere espresso e\/o spedizionieri dal luned\u00ec al venerd\u00ec, esclusi festivi e feste nazionali.<\/p>\r\n<p>I tempi medi di transito per le consegne sono di:<\/p>\r\n<ul>\r\n<li>7 giorni lavorativi sul territorio nazionale<\/li>\r\n<li>15 giorni lavorativi all\u2019interno della Comunit\u00e0 Europea<\/li>\r\n<li>45 giorni lavorativi nel Resto del Mondo<\/li>\r\n<\/ul>\r\n<p>In caso di consegna a mezzo correre espresso il servizio prevede 2 tentativi di consegna presso l\u2019indirizzo indicato al momento dell\u2019ordine. Dopo ogni passaggio verr\u00e0 lasciato un avviso. Al secondo tentativo di consegna andato a vuoto, il Corriere provveder\u00e0 a contattare telefonicamente il destinatario dell\u2019ordine al numero di telefono indicato, per concordare la consegna. Qualora non fosse rintracciabile o risultasse assente, la merce rientrer\u00e0 presso il magazzino.<\/p>\r\n\r\n<p>Tutti i tempi di consegna riportati sono esclusivamente indicativi. Non sussiste alcuna garanzia che i beni acquistati vengano consegnati entro i tempi stimati.<\/p>\r\n\r\n<p><strong>Come posso aggiornare il mio indirizzo di spedizione?<\/strong><\/p>\r\n\r\n<p>Se disponi di un account sul nostro Sito, sar\u00e0 sufficiente entrare nel tuo profilo ed inserire i dati del nuovo indirizzo.<\/p>\r\n\r\n<p>La nuova destinazione <strong>non sar\u00e0 applicata agli ordini gi\u00e0 effettuati<\/strong>. Se necessario, puoi richiedere di cambiare la destinazione di un ordine gi\u00e0 effettuato, e non \u00e8 ancora preparato per la spedizione, utilizzando il form di contatto accessibile tramite il tab \u201cContatti\u201d, oppure inviando un email all\u2019indirizzo <a href=\"mailto:support@labottegamargutta.com\">support@labottegamargutta.com<\/a>, indicando nell\u2019oggetto il numero d\u2019ordine, un recapito telefonico, ed il nuovo indirizzo di consegna.<\/p>\r\n\r\n<p><strong>Quanto costa la spedizione a domicilio della merce?<\/strong><\/p>\r\n\r\n<p>Tutti i Prodotti presenti nel nostro catalogo &#8211; ove non diversamente ed espressamente specificato &#8211; sono spediti alle seguenti condizioni economiche:<\/p>\r\n<ul>\r\n<li><strong>spedizione gratuita <\/strong>su tutto il <strong>territorio Nazionale\u00a0<\/strong><\/li>\r\n<li>contributo fisso di <strong>EUR 150<\/strong> per le spedizioni <strong>al di fuori del territorio Italiano e all\u2019interno della Comunit\u00e0 Europea<\/strong><\/li>\r\n<li>contributo <strong>da definirsi<\/strong> alla bisogna per le <strong>spedizioni al di fuori della Comunit\u00e0 Europea<\/strong><\/li>\r\n<\/ul>\r\n<p>La consegna &#8211; ove non diversamente ed espressamente specificato &#8211; \u00e8 sempre prevista fronte strada a bordo camion.<\/p>\r\n\r\n<p><strong>Come viene imballata la merce?<\/strong><\/p>\r\n\r\n<p>Gli oggetti &#8211; ove possibile &#8211; vengono smontati , rivestiti con cartone e strati di pluriball, e qualora peso e volume lo richiedano, posizionati su \u201cpallets\u201d<\/p>\r\n\r\n<p><strong>Posso ritirare la merce in magazzino con un mio corriere di fiducia?<\/strong><\/p>\r\n\r\n<p>Previo appuntamento, \u00e8 possibile ritirare la merce adeguatamente imballata presso il nostro magazzino di Roma e Cavalese, di persona o con proprio corriere di fiducia. Al momento del ritiro, il corriere o il Cliente \u00e8 tenuto a controllare l\u2019integrit\u00e0 di merce e imballo. Il vettore quindi firmer\u00e0 una bolla di \u201cTrasporto e accettazione merce\u201d che recita: \u201critenuti adeguati merce e imballo, il vettore ci manleva da ogni responsabilit\u00e0 circa danni da trasporto\u201d.<\/p>\r\n\r\n<p>Pertanto, in caso di danni, anche se il destinatario ritenesse l\u2019imballo insufficiente, La Bottega Margutta S.r.l. declina la propria responsabilit\u00e0 e ogni contestazione verr\u00e0 respinta.<\/p>\r\n\r\n<p><strong>Spedizioni con declino di responsabilit\u00e0<\/strong><\/p>\r\n\r\n<p>Per alcuni oggetti particolarmente fragili NON \u00e8 prevista spedizione.<\/p>\r\n\r\n<p>Se per\u00f2 l\u2019acquirente \u00e8 impossibilitato a effettuare il ritiro, La Bottega Margutta S.r.l. proceder\u00e0 alla spedizione della merce adeguatamente imballata, solo ed esclusivamente a seguito del ricevimento all\u2019indirizzo support@labottegamargutta.com di un declino responsabilit\u00e0 firmato dal Cliente, riportate il numero d\u2019Ordine.<\/p>\r\n\r\n<p><strong>RECESSO<\/strong><\/p>\r\n<p>L\u2019acquirente ha diritto di recedere dal contratto, senza penalit\u00e0 e senza dare alcuna spiegazione, entro un periodo di 14 (quattordici) giorni lavorativi\u00a0successivi al giorno in cui la merce viene recapitata. Il recesso va effettuato tramite raccomandata con ricevuta di ritorno inviata presso la sede legale de La Bottega Margutta S.r.l. in Via Margutta 58, 00187, Roma. Oppure all\u2019indirizzo Pec <a href=\"mailto:labottegamargutta@pec.it\">labottegamargutta@pec.it<\/a>. Entro lo stesso termine di 14 (quattordici) giorni lavorativi, la merce deve essere rispedita integra ed imballata con lo stesso imballaggio usato per la consegna. La spedizione \u00e8 a carico del mittente e viene effettuata sotto la propria responsabilit\u00e0. Il rimborso avverr\u00e0, tramite bonifico bancario o PayPal, entro e non oltre 14 (quattordici) giorni dal ricevimento della merce. Tale diritto non pu\u00f2 essere esercitato nel caso in cui sia stata emessa fattura d\u2019acquisto o qualora la merce sia stata ritirata di persona o con un proprio corriere presso i magazzini i locali di vendita del Venditore.<\/p>\r\n<p>Per ogni ulteriore informazione in ordine alla spedizione, ti invitiamo a consultare la sezione \u201c<strong>Termini e Condizioni d\u2019uso<\/strong>\u201craggiungibile all\u2019indirizzo <a href=\"https:\/\/labottegamargutta.com\/termini-e-condizioni-d-uso\">https:\/\/labottegamargutta.com\/termini-e-condizioni-d-uso<\/a><\/p>\r\n\r\n<p>&nbsp;<\/p>\r\n\r\n<p>&nbsp;<\/p>\r\n<p>[\/vc_column_text][\/vc_column][\/vc_row]<\/p><\/div>","protected":false},"excerpt":{"rendered":"<p>[vc_row][vc_column][vc_column_text] SPEDIZIONE E CONSEGNA Entro quando verr\u00e0 spedito il mio ordine? Le spedizioni vengono effettuate entro 3\/5 giorni lavorativi a far data dalla ricezione del saldo. Come faccio a sapere quando \u00e8 stato spedito il mio ordine? Riceverai una mail di notifica non appena la spedizione verr\u00e0 affidata al corriere assieme &#8211; ove previste &#8211;\u00a0 [&hellip;]<\/p>\n","protected":false},"author":17,"featured_media":0,"parent":0,"menu_order":0,"comment_status":"closed","ping_status":"closed","template":"","meta":{"footnotes":""},"class_list":["post-8603","page","type-page","status-publish","hentry"],"yoast_head":"<!-- This site is optimized with the Yoast SEO Premium plugin v27.4 (Yoast SEO v27.5) - https:\/\/yoast.com\/product\/yoast-seo-premium-wordpress\/ -->\n<title>Spedizione e consegna - La Bottega Margutta<\/title>\n<meta name=\"robots\" content=\"index, follow, max-snippet:-1, max-image-preview:large, max-video-preview:-1\" \/>\n<link rel=\"canonical\" href=\"https:\/\/labottegamargutta.com\/home\/spedizione-e-consegna\/\" \/>\n<meta property=\"og:locale\" content=\"it_IT\" \/>\n<meta property=\"og:type\" content=\"article\" \/>\n<meta property=\"og:title\" content=\"Spedizione e consegna\" \/>\n<meta property=\"og:description\" content=\"[vc_row][vc_column][vc_column_text] SPEDIZIONE E CONSEGNA Entro quando verr\u00e0 spedito il mio ordine? Le spedizioni vengono effettuate entro 3\/5 giorni lavorativi a far data dalla ricezione del saldo. Come faccio a sapere quando \u00e8 stato spedito il mio ordine? Riceverai una mail di notifica non appena la spedizione verr\u00e0 affidata al corriere assieme &#8211; ove previste &#8211;\u00a0 [&hellip;]\" \/>\n<meta property=\"og:url\" content=\"https:\/\/labottegamargutta.com\/home\/spedizione-e-consegna\/\" \/>\n<meta property=\"og:site_name\" content=\"La Bottega Margutta\" \/>\n<meta property=\"article:publisher\" content=\"https:\/\/www.facebook.com\/LaBottegaMargutta1980\/\" \/>\n<meta property=\"article:modified_time\" content=\"2019-02-20T13:10:47+00:00\" \/>\n<meta name=\"twitter:card\" content=\"summary_large_image\" \/>\n<meta name=\"twitter:label1\" content=\"Tempo di lettura stimato\" \/>\n\t<meta name=\"twitter:data1\" content=\"4 minuti\" \/>\n<script type=\"application\/ld+json\" class=\"yoast-schema-graph\">{\"@context\":\"https:\\\/\\\/schema.org\",\"@graph\":[{\"@type\":\"WebPage\",\"@id\":\"https:\\\/\\\/labottegamargutta.com\\\/home\\\/spedizione-e-consegna\\\/\",\"url\":\"https:\\\/\\\/labottegamargutta.com\\\/home\\\/spedizione-e-consegna\\\/\",\"name\":\"Spedizione e consegna - La Bottega Margutta\",\"isPartOf\":{\"@id\":\"https:\\\/\\\/labottegamargutta.com\\\/home\\\/#website\"},\"datePublished\":\"2019-02-18T16:57:27+00:00\",\"dateModified\":\"2019-02-20T13:10:47+00:00\",\"breadcrumb\":{\"@id\":\"https:\\\/\\\/labottegamargutta.com\\\/home\\\/spedizione-e-consegna\\\/#breadcrumb\"},\"inLanguage\":\"it-IT\",\"potentialAction\":[{\"@type\":\"ReadAction\",\"target\":[\"https:\\\/\\\/labottegamargutta.com\\\/home\\\/spedizione-e-consegna\\\/\"]}]},{\"@type\":\"BreadcrumbList\",\"@id\":\"https:\\\/\\\/labottegamargutta.com\\\/home\\\/spedizione-e-consegna\\\/#breadcrumb\",\"itemListElement\":[{\"@type\":\"ListItem\",\"position\":1,\"name\":\"Home\",\"item\":\"https:\\\/\\\/labottegamargutta.com\\\/home\\\/\"},{\"@type\":\"ListItem\",\"position\":2,\"name\":\"Spedizione e consegna\"}]},{\"@type\":\"WebSite\",\"@id\":\"https:\\\/\\\/labottegamargutta.com\\\/home\\\/#website\",\"url\":\"https:\\\/\\\/labottegamargutta.com\\\/home\\\/\",\"name\":\"La Bottega Margutta\",\"description\":\"\",\"publisher\":{\"@id\":\"https:\\\/\\\/labottegamargutta.com\\\/home\\\/#organization\"},\"potentialAction\":[{\"@type\":\"SearchAction\",\"target\":{\"@type\":\"EntryPoint\",\"urlTemplate\":\"https:\\\/\\\/labottegamargutta.com\\\/home\\\/?s={search_term_string}\"},\"query-input\":{\"@type\":\"PropertyValueSpecification\",\"valueRequired\":true,\"valueName\":\"search_term_string\"}}],\"inLanguage\":\"it-IT\"},{\"@type\":\"Organization\",\"@id\":\"https:\\\/\\\/labottegamargutta.com\\\/home\\\/#organization\",\"name\":\"La Bottega Margutta S.r.l.\",\"alternateName\":\"LBM\",\"url\":\"https:\\\/\\\/labottegamargutta.com\\\/home\\\/\",\"logo\":{\"@type\":\"ImageObject\",\"inLanguage\":\"it-IT\",\"@id\":\"https:\\\/\\\/labottegamargutta.com\\\/home\\\/#\\\/schema\\\/logo\\\/image\\\/\",\"url\":\"https:\\\/\\\/labottegamargutta.com\\\/wp-content\\\/uploads\\\/2019\\\/03\\\/logo-profilo.jpg\",\"contentUrl\":\"https:\\\/\\\/labottegamargutta.com\\\/wp-content\\\/uploads\\\/2019\\\/03\\\/logo-profilo.jpg\",\"width\":800,\"height\":800,\"caption\":\"La Bottega Margutta S.r.l.\"},\"image\":{\"@id\":\"https:\\\/\\\/labottegamargutta.com\\\/home\\\/#\\\/schema\\\/logo\\\/image\\\/\"},\"sameAs\":[\"https:\\\/\\\/www.facebook.com\\\/LaBottegaMargutta1980\\\/\",\"https:\\\/\\\/www.instagram.com\\\/labottegamargutta\\\/\",\"https:\\\/\\\/www.pinterest.it\\\/labottegamargutta\\\/\"],\"description\":\"La Bottega Margutta \u00e8 una storica realt\u00e0 antiquaria nata a Roma. Da quasi quaranta anni ci occupiamo di ricerca, selezione e vendita di pezzi unici, per la nostra esposizione, su commissione di privati e per i colleghi antiquari. Ci distinguiamo sul mercato per la particolare selezione di oggetti di arredo, mobili grandi e piccoli, quadri, cornici e objets d'art provenienti principalmente dall'Europa occidentale ma anche dagli altri continenti. Seguiamo, studiamo e operiamo da decenni nell'ambito del Tiroler Bauernm\u00f6bel, l'antiquariato tirolese. La nostra sezione Luxury & Vintage infine, offre una scelta di abbigliamento e accessori di pregio, selezionati per qualit\u00e0 e unicit\u00e0.\",\"email\":\"info@labottegamargutta.com\",\"telephone\":\"+39 3389157290\",\"legalName\":\"La Bottega Margutta\",\"foundingDate\":\"1980-12-29\",\"vatID\":\"01264471002\"}]}<\/script>\n<!-- \/ Yoast SEO Premium plugin. -->","yoast_head_json":{"title":"Spedizione e consegna - La Bottega Margutta","robots":{"index":"index","follow":"follow","max-snippet":"max-snippet:-1","max-image-preview":"max-image-preview:large","max-video-preview":"max-video-preview:-1"},"canonical":"https:\/\/labottegamargutta.com\/home\/spedizione-e-consegna\/","og_locale":"it_IT","og_type":"article","og_title":"Spedizione e consegna","og_description":"[vc_row][vc_column][vc_column_text] SPEDIZIONE E CONSEGNA Entro quando verr\u00e0 spedito il mio ordine? Le spedizioni vengono effettuate entro 3\/5 giorni lavorativi a far data dalla ricezione del saldo. Come faccio a sapere quando \u00e8 stato spedito il mio ordine? Riceverai una mail di notifica non appena la spedizione verr\u00e0 affidata al corriere assieme &#8211; ove previste &#8211;\u00a0 [&hellip;]","og_url":"https:\/\/labottegamargutta.com\/home\/spedizione-e-consegna\/","og_site_name":"La Bottega Margutta","article_publisher":"https:\/\/www.facebook.com\/LaBottegaMargutta1980\/","article_modified_time":"2019-02-20T13:10:47+00:00","twitter_card":"summary_large_image","twitter_misc":{"Tempo di lettura stimato":"4 minuti"},"schema":{"@context":"https:\/\/schema.org","@graph":[{"@type":"WebPage","@id":"https:\/\/labottegamargutta.com\/home\/spedizione-e-consegna\/","url":"https:\/\/labottegamargutta.com\/home\/spedizione-e-consegna\/","name":"Spedizione e consegna - La Bottega Margutta","isPartOf":{"@id":"https:\/\/labottegamargutta.com\/home\/#website"},"datePublished":"2019-02-18T16:57:27+00:00","dateModified":"2019-02-20T13:10:47+00:00","breadcrumb":{"@id":"https:\/\/labottegamargutta.com\/home\/spedizione-e-consegna\/#breadcrumb"},"inLanguage":"it-IT","potentialAction":[{"@type":"ReadAction","target":["https:\/\/labottegamargutta.com\/home\/spedizione-e-consegna\/"]}]},{"@type":"BreadcrumbList","@id":"https:\/\/labottegamargutta.com\/home\/spedizione-e-consegna\/#breadcrumb","itemListElement":[{"@type":"ListItem","position":1,"name":"Home","item":"https:\/\/labottegamargutta.com\/home\/"},{"@type":"ListItem","position":2,"name":"Spedizione e consegna"}]},{"@type":"WebSite","@id":"https:\/\/labottegamargutta.com\/home\/#website","url":"https:\/\/labottegamargutta.com\/home\/","name":"La Bottega Margutta","description":"","publisher":{"@id":"https:\/\/labottegamargutta.com\/home\/#organization"},"potentialAction":[{"@type":"SearchAction","target":{"@type":"EntryPoint","urlTemplate":"https:\/\/labottegamargutta.com\/home\/?s={search_term_string}"},"query-input":{"@type":"PropertyValueSpecification","valueRequired":true,"valueName":"search_term_string"}}],"inLanguage":"it-IT"},{"@type":"Organization","@id":"https:\/\/labottegamargutta.com\/home\/#organization","name":"La Bottega Margutta S.r.l.","alternateName":"LBM","url":"https:\/\/labottegamargutta.com\/home\/","logo":{"@type":"ImageObject","inLanguage":"it-IT","@id":"https:\/\/labottegamargutta.com\/home\/#\/schema\/logo\/image\/","url":"https:\/\/labottegamargutta.com\/wp-content\/uploads\/2019\/03\/logo-profilo.jpg","contentUrl":"https:\/\/labottegamargutta.com\/wp-content\/uploads\/2019\/03\/logo-profilo.jpg","width":800,"height":800,"caption":"La Bottega Margutta S.r.l."},"image":{"@id":"https:\/\/labottegamargutta.com\/home\/#\/schema\/logo\/image\/"},"sameAs":["https:\/\/www.facebook.com\/LaBottegaMargutta1980\/","https:\/\/www.instagram.com\/labottegamargutta\/","https:\/\/www.pinterest.it\/labottegamargutta\/"],"description":"La Bottega Margutta \u00e8 una storica realt\u00e0 antiquaria nata a Roma. Da quasi quaranta anni ci occupiamo di ricerca, selezione e vendita di pezzi unici, per la nostra esposizione, su commissione di privati e per i colleghi antiquari. Ci distinguiamo sul mercato per la particolare selezione di oggetti di arredo, mobili grandi e piccoli, quadri, cornici e objets d'art provenienti principalmente dall'Europa occidentale ma anche dagli altri continenti. Seguiamo, studiamo e operiamo da decenni nell'ambito del Tiroler Bauernm\u00f6bel, l'antiquariato tirolese. La nostra sezione Luxury & Vintage infine, offre una scelta di abbigliamento e accessori di pregio, selezionati per qualit\u00e0 e unicit\u00e0.","email":"info@labottegamargutta.com","telephone":"+39 3389157290","legalName":"La Bottega Margutta","foundingDate":"1980-12-29","vatID":"01264471002"}]}},"_links":{"self":[{"href":"https:\/\/labottegamargutta.com\/home\/wp-json\/wp\/v2\/pages\/8603","targetHints":{"allow":["GET"]}}],"collection":[{"href":"https:\/\/labottegamargutta.com\/home\/wp-json\/wp\/v2\/pages"}],"about":[{"href":"https:\/\/labottegamargutta.com\/home\/wp-json\/wp\/v2\/types\/page"}],"author":[{"embeddable":true,"href":"https:\/\/labottegamargutta.com\/home\/wp-json\/wp\/v2\/users\/17"}],"replies":[{"embeddable":true,"href":"https:\/\/labottegamargutta.com\/home\/wp-json\/wp\/v2\/comments?post=8603"}],"version-history":[{"count":0,"href":"https:\/\/labottegamargutta.com\/home\/wp-json\/wp\/v2\/pages\/8603\/revisions"}],"wp:attachment":[{"href":"https:\/\/labottegamargutta.com\/home\/wp-json\/wp\/v2\/media?parent=8603"}],"curies":[{"name":"wp","href":"https:\/\/api.w.org\/{rel}","templated":true}]}}